{"id":55,"date":"2021-10-17T14:37:34","date_gmt":"2021-10-17T12:37:34","guid":{"rendered":"https:\/\/suesport.fr\/mesmerize\/"},"modified":"2021-12-06T13:35:16","modified_gmt":"2021-12-06T11:35:16","slug":"mesmerize","status":"publish","type":"page","link":"https:\/\/suesport.fr\/","title":{"rendered":"Accueil"},"content":{"rendered":"<div  id=\"overlappable-4\" class=\"overlappable-4 content-section content-section-spacing\" style=\"background-color: #ffffff;\" data-label=\"Overlappable\" data-id=\"overlappable-4\" data-export-id=\"overlappable-4\" data-category=\"overlappable\" data-overlap=\"true\">\r\n<div  class=\"gridContainer\">\r\n<div  class=\"row spaced-cols text-center center-sm content-center-sm\" data-type=\"row\">\r\n<div  class=\"col-xs-12 col-sm-4 col-padding\"><i  class=\"fa icon shadow-large-black aligncenter color1 fa-gamepad reverse round large\"><\/i>\r\n<div  class=\"\" data-type=\"column\">\r\n<h5  class=\"\">\u00c9QUIPES E-SPORT<\/h5>\r\n<p  class=\"\">Nous cr\u00e9ons des \u00e9quipes e-sport sur divers jeux pour participer \u00e0 des tournois semi-professionnels et professionnels<\/p>\r\n\r\n<\/div>\r\n<\/div>\r\n<div  class=\"col-xs-12 col-sm-4 col-padding\"><i  class=\"fa icon shadow-large-black aligncenter color1 fa-star reverse round large\"><\/i>\r\n<div  class=\"\" data-type=\"column\">\r\n<h5  class=\"\">\u00c9V\u00c9NEMENTS R\u00c9GULIERS<\/h5>\r\n<p  class=\"\">Nous mettons en place des \u00e9v\u00e9nements r\u00e9guliers, comme des tournois e-sport et des tournois inter-associatifs<\/p>\r\n\r\n<\/div>\r\n<\/div>\r\n<div  class=\"col-xs-12 col-sm-4 col-padding\"><i  class=\"fa icon shadow-large-black aligncenter color1 fa-video-camera reverse round large\"><\/i>\r\n<div  class=\"\" data-type=\"column\">\r\n<h5  class=\"\">CR\u00c9ATION DE CONTENU VID\u00c9OLUDIQUE<\/h5>\r\n<p  class=\"\">Nous sommes r\u00e9guli\u00e8rement en live sur notre cha\u00eene <a  href=\"https:\/\/www.twitch.tv\/su_esport\" class=\"\">Twitch<\/a>, et nous mettons \u00e9galement des vid\u00e9os sur notre cha\u00eene <a  href=\"https:\/\/www.youtube.com\/channel\/UCIP5PFrYFcdQON_mxX1uCbA\" class=\"\">Youtube<\/a><\/p>\r\n\r\n<\/div>\r\n<\/div>\r\n<\/div>\r\n<\/div>\r\n<\/div><div  id=\"latest-news-1\" class=\"blog-section blog-section-standard content-section content-section-spacing\" style=\"background-color: #f5fafd;\" data-label=\"Latest-news\" data-id=\"blog-section\" data-export-id=\"blog-section\" data-category=\"latest_news\">\r\n<div  class=\"gridContainer\">\r\n<div  class=\"row\">\r\n<div  class=\"section-title-col\" data-type=\"column\">\r\n<h2  class=\"\">Derniers articles<\/h2>\r\n<p  class=\"lead\">Voici les derniers articles, toutes sections confondues.\r\n<br >Si une section particuli\u00e8re vous int\u00e9resse, vous pouvez aller sur l&rsquo;onglet Articles en cliquant dessus, en haut de l&rsquo;\u00e9cran<\/p>\r\n\r\n<\/div>\r\n<\/div>\r\n<div  class=\"row\">\r\n<div  data-type=\"row\" data-dynamic-columns=\"handled\" data-content-shortcode=\"mesmerize_latest_news\">        <div class=\"row center-sm content-left-sm\">\n            <\/div>\n    <\/div>\r\n<\/div>\r\n<div  class=\"row\">\r\n<div  class=\"text-center\"><a  class=\"button color1\" href=\"https:\/\/suesport.fr\/index.php\/blog-2\/\" data-attr-shortcode=\"href:mesmerize_blog_link\">VOIR TOUS NOS ARTICLES<\/a><\/div>\r\n<\/div>\r\n<\/div>\r\n<\/div>","protected":false},"excerpt":{"rendered":"<p>\u00c9QUIPES E-SPORT Nous cr\u00e9ons des \u00e9quipes e-sport sur divers jeux pour participer \u00e0 des tournois semi-professionnels et professionnels \u00c9V\u00c9NEMENTS R\u00c9GULIERS Nous mettons en place des \u00e9v\u00e9nements r\u00e9guliers, comme des tournois e-sport et des tournois inter-associatifs CR\u00c9ATION DE CONTENU VID\u00c9OLUDIQUE Nous sommes r\u00e9guli\u00e8rement en live sur notre cha\u00eene Twitch, et nous mettons \u00e9galement des vid\u00e9os sur&hellip; <br \/> <a class=\"read-more\" href=\"https:\/\/suesport.fr\/\">Read more<\/a><\/p>\n","protected":false},"author":1,"featured_media":0,"parent":0,"menu_order":0,"comment_status":"closed","ping_status":"closed","template":"page-templates\/homepage.php","meta":{"spay_email":""},"yoast_head":"<!-- This site is optimized with the Yoast SEO plugin v17.7.1 - https:\/\/yoast.com\/wordpress\/plugins\/seo\/ -->\n<title>Accueil - SU Esport<\/title>\n<meta name=\"robots\" content=\"index, follow, max-snippet:-1, max-image-preview:large, max-video-preview:-1\" \/>\n<link rel=\"canonical\" href=\"https:\/\/suesport.fr\/\" \/>\n<meta property=\"og:locale\" content=\"fr_FR\" \/>\n<meta property=\"og:type\" content=\"article\" \/>\n<meta property=\"og:title\" content=\"Accueil - SU Esport\" \/>\n<meta property=\"og:description\" content=\"\u00c9QUIPES E-SPORT Nous cr\u00e9ons des \u00e9quipes e-sport sur divers jeux pour participer \u00e0 des tournois semi-professionnels et professionnels \u00c9V\u00c9NEMENTS R\u00c9GULIERS Nous mettons en place des \u00e9v\u00e9nements r\u00e9guliers, comme des tournois e-sport et des tournois inter-associatifs CR\u00c9ATION DE CONTENU VID\u00c9OLUDIQUE Nous sommes r\u00e9guli\u00e8rement en live sur notre cha\u00eene Twitch, et nous mettons \u00e9galement des vid\u00e9os sur&hellip; Read more\" \/>\n<meta property=\"og:url\" content=\"https:\/\/suesport.fr\/\" \/>\n<meta property=\"og:site_name\" content=\"SU Esport\" \/>\n<meta property=\"article:modified_time\" content=\"2021-12-06T11:35:16+00:00\" \/>\n<meta name=\"twitter:card\" content=\"summary_large_image\" \/>\n<meta name=\"twitter:label1\" content=\"Est. reading time\" \/>\n\t<meta name=\"twitter:data1\" content=\"1 minute\" \/>\n<script type=\"application\/ld+json\" class=\"yoast-schema-graph\">{\"@context\":\"https:\/\/schema.org\",\"@graph\":[{\"@type\":\"WebSite\",\"@id\":\"https:\/\/suesport.fr\/#website\",\"url\":\"https:\/\/suesport.fr\/\",\"name\":\"SU Esport\",\"description\":\"Association Sorbonne Universit\\u00e9 Esport\",\"potentialAction\":[{\"@type\":\"SearchAction\",\"target\":{\"@type\":\"EntryPoint\",\"urlTemplate\":\"https:\/\/suesport.fr\/?s={search_term_string}\"},\"query-input\":\"required name=search_term_string\"}],\"inLanguage\":\"fr-FR\"},{\"@type\":\"WebPage\",\"@id\":\"https:\/\/suesport.fr\/#webpage\",\"url\":\"https:\/\/suesport.fr\/\",\"name\":\"Accueil - SU Esport\",\"isPartOf\":{\"@id\":\"https:\/\/suesport.fr\/#website\"},\"datePublished\":\"2021-10-17T12:37:34+00:00\",\"dateModified\":\"2021-12-06T11:35:16+00:00\",\"breadcrumb\":{\"@id\":\"https:\/\/suesport.fr\/#breadcrumb\"},\"inLanguage\":\"fr-FR\",\"potentialAction\":[{\"@type\":\"ReadAction\",\"target\":[\"https:\/\/suesport.fr\/\"]}]},{\"@type\":\"BreadcrumbList\",\"@id\":\"https:\/\/suesport.fr\/#breadcrumb\",\"itemListElement\":[{\"@type\":\"ListItem\",\"position\":1,\"name\":\"Home\",\"item\":\"https:\/\/suesport.fr\/\"},{\"@type\":\"ListItem\",\"position\":2,\"name\":\"Accueil\"}]}]}<\/script>\n<!-- \/ Yoast SEO plugin. -->","yoast_head_json":{"title":"Accueil - SU Esport","robots":{"index":"index","follow":"follow","max-snippet":"max-snippet:-1","max-image-preview":"max-image-preview:large","max-video-preview":"max-video-preview:-1"},"canonical":"https:\/\/suesport.fr\/","og_locale":"fr_FR","og_type":"article","og_title":"Accueil - SU Esport","og_description":"\u00c9QUIPES E-SPORT Nous cr\u00e9ons des \u00e9quipes e-sport sur divers jeux pour participer \u00e0 des tournois semi-professionnels et professionnels \u00c9V\u00c9NEMENTS R\u00c9GULIERS Nous mettons en place des \u00e9v\u00e9nements r\u00e9guliers, comme des tournois e-sport et des tournois inter-associatifs CR\u00c9ATION DE CONTENU VID\u00c9OLUDIQUE Nous sommes r\u00e9guli\u00e8rement en live sur notre cha\u00eene Twitch, et nous mettons \u00e9galement des vid\u00e9os sur&hellip; Read more","og_url":"https:\/\/suesport.fr\/","og_site_name":"SU Esport","article_modified_time":"2021-12-06T11:35:16+00:00","twitter_card":"summary_large_image","twitter_misc":{"Est. reading time":"1 minute"},"schema":{"@context":"https:\/\/schema.org","@graph":[{"@type":"WebSite","@id":"https:\/\/suesport.fr\/#website","url":"https:\/\/suesport.fr\/","name":"SU Esport","description":"Association Sorbonne Universit\u00e9 Esport","potentialAction":[{"@type":"SearchAction","target":{"@type":"EntryPoint","urlTemplate":"https:\/\/suesport.fr\/?s={search_term_string}"},"query-input":"required name=search_term_string"}],"inLanguage":"fr-FR"},{"@type":"WebPage","@id":"https:\/\/suesport.fr\/#webpage","url":"https:\/\/suesport.fr\/","name":"Accueil - SU Esport","isPartOf":{"@id":"https:\/\/suesport.fr\/#website"},"datePublished":"2021-10-17T12:37:34+00:00","dateModified":"2021-12-06T11:35:16+00:00","breadcrumb":{"@id":"https:\/\/suesport.fr\/#breadcrumb"},"inLanguage":"fr-FR","potentialAction":[{"@type":"ReadAction","target":["https:\/\/suesport.fr\/"]}]},{"@type":"BreadcrumbList","@id":"https:\/\/suesport.fr\/#breadcrumb","itemListElement":[{"@type":"ListItem","position":1,"name":"Home","item":"https:\/\/suesport.fr\/"},{"@type":"ListItem","position":2,"name":"Accueil"}]}]}},"_links":{"self":[{"href":"https:\/\/suesport.fr\/index.php\/wp-json\/wp\/v2\/pages\/55"}],"collection":[{"href":"https:\/\/suesport.fr\/index.php\/wp-json\/wp\/v2\/pages"}],"about":[{"href":"https:\/\/suesport.fr\/index.php\/wp-json\/wp\/v2\/types\/page"}],"author":[{"embeddable":true,"href":"https:\/\/suesport.fr\/index.php\/wp-json\/wp\/v2\/users\/1"}],"replies":[{"embeddable":true,"href":"https:\/\/suesport.fr\/index.php\/wp-json\/wp\/v2\/comments?post=55"}],"version-history":[{"count":10,"href":"https:\/\/suesport.fr\/index.php\/wp-json\/wp\/v2\/pages\/55\/revisions"}],"predecessor-version":[{"id":201,"href":"https:\/\/suesport.fr\/index.php\/wp-json\/wp\/v2\/pages\/55\/revisions\/201"}],"wp:attachment":[{"href":"https:\/\/suesport.fr\/index.php\/wp-json\/wp\/v2\/media?parent=55"}],"curies":[{"name":"wp","href":"https:\/\/api.w.org\/{rel}","templated":true}]}}