{"id":71,"date":"2021-10-18T17:58:01","date_gmt":"2021-10-18T15:58:01","guid":{"rendered":"https:\/\/suesport.fr\/?page_id=71"},"modified":"2021-12-06T13:40:13","modified_gmt":"2021-12-06T11:40:13","slug":"league-of-legends","status":"publish","type":"page","link":"https:\/\/suesport.fr\/index.php\/league-of-legends\/","title":{"rendered":"League of Legends"},"content":{"rendered":"\n<p class=\"has-black-color has-text-color\">League Of Legends est un jeu qui brille au niveau comp\u00e9titif depuis plus de 10 ans. Nous souhaitons rejoindre cette sc\u00e8ne e-sportive fran\u00e7aise et universitaire par la cr\u00e9ation d&rsquo;\u00e9quipes que nous emm\u00e8nerons \u00e0 des \u00e9v\u00e9nements tels que La Grosse Ligue, l&rsquo;Open Tour et la Lyon Esport.<\/p>\n\n\n\n<p class=\"has-black-color has-text-color\">Vous trouverez nos \u00e9quipes LoL actuelles <a href=\"https:\/\/suesport.fr\/index.php\/lol-equipe\/\" target=\"_blank\" rel=\"noreferrer noopener\">ici<\/a><\/p>\n\n\n\n<p class=\"has-black-color has-text-color\">Nous proposons \u00e9galement du <a href=\"https:\/\/suesport.fr\/index.php\/lol-coaching\/\" target=\"_blank\" rel=\"noreferrer noopener\">coaching<\/a> sur ce jeu pour nos adh\u00e9rents.<\/p>\n\n\n\n<p><\/p>\n","protected":false},"excerpt":{"rendered":"<p>League Of Legends est un jeu qui brille au niveau comp\u00e9titif depuis plus de 10 ans. Nous souhaitons rejoindre cette sc\u00e8ne e-sportive fran\u00e7aise et universitaire par la cr\u00e9ation d&rsquo;\u00e9quipes que nous emm\u00e8nerons \u00e0 des \u00e9v\u00e9nements tels que La Grosse Ligue, l&rsquo;Open Tour et la Lyon Esport. Vous trouverez nos \u00e9quipes LoL actuelles ici Nous proposons&hellip; <br \/> <a class=\"read-more\" href=\"https:\/\/suesport.fr\/index.php\/league-of-legends\/\">Read more<\/a><\/p>\n","protected":false},"author":1,"featured_media":0,"parent":0,"menu_order":0,"comment_status":"closed","ping_status":"closed","template":"","meta":{"spay_email":""},"yoast_head":"<!-- This site is optimized with the Yoast SEO plugin v17.7.1 - https:\/\/yoast.com\/wordpress\/plugins\/seo\/ -->\n<title>League of Legends - SU Esport<\/title>\n<meta name=\"description\" content=\"Nous souhaitons rejoindre cette sc\u00e8ne e-sportive fran\u00e7aise et universitaire par la cr\u00e9ation d&#039;\u00e9quipe que nous emm\u00e8nerons \u00e0 des \u00e9v\u00e9nements.\" \/>\n<meta name=\"robots\" content=\"index, follow, max-snippet:-1, max-image-preview:large, max-video-preview:-1\" \/>\n<link rel=\"canonical\" href=\"https:\/\/suesport.fr\/index.php\/league-of-legends\/\" \/>\n<meta property=\"og:locale\" content=\"fr_FR\" \/>\n<meta property=\"og:type\" content=\"article\" \/>\n<meta property=\"og:title\" content=\"League of Legends - SU Esport\" \/>\n<meta property=\"og:description\" content=\"Nous souhaitons rejoindre cette sc\u00e8ne e-sportive fran\u00e7aise et universitaire par la cr\u00e9ation d&#039;\u00e9quipe que nous emm\u00e8nerons \u00e0 des \u00e9v\u00e9nements.\" \/>\n<meta property=\"og:url\" content=\"https:\/\/suesport.fr\/index.php\/league-of-legends\/\" \/>\n<meta property=\"og:site_name\" content=\"SU Esport\" \/>\n<meta property=\"article:modified_time\" content=\"2021-12-06T11:40:13+00:00\" \/>\n<meta name=\"twitter:card\" content=\"summary_large_image\" \/>\n<meta name=\"twitter:label1\" content=\"Est. reading time\" \/>\n\t<meta name=\"twitter:data1\" content=\"1 minute\" \/>\n<script type=\"application\/ld+json\" class=\"yoast-schema-graph\">{\"@context\":\"https:\/\/schema.org\",\"@graph\":[{\"@type\":\"WebSite\",\"@id\":\"https:\/\/suesport.fr\/#website\",\"url\":\"https:\/\/suesport.fr\/\",\"name\":\"SU Esport\",\"description\":\"Association Sorbonne Universit\\u00e9 Esport\",\"potentialAction\":[{\"@type\":\"SearchAction\",\"target\":{\"@type\":\"EntryPoint\",\"urlTemplate\":\"https:\/\/suesport.fr\/?s={search_term_string}\"},\"query-input\":\"required name=search_term_string\"}],\"inLanguage\":\"fr-FR\"},{\"@type\":\"WebPage\",\"@id\":\"https:\/\/suesport.fr\/index.php\/league-of-legends\/#webpage\",\"url\":\"https:\/\/suesport.fr\/index.php\/league-of-legends\/\",\"name\":\"League of Legends - SU Esport\",\"isPartOf\":{\"@id\":\"https:\/\/suesport.fr\/#website\"},\"datePublished\":\"2021-10-18T15:58:01+00:00\",\"dateModified\":\"2021-12-06T11:40:13+00:00\",\"description\":\"Nous souhaitons rejoindre cette sc\\u00e8ne e-sportive fran\\u00e7aise et universitaire par la cr\\u00e9ation d'\\u00e9quipe que nous emm\\u00e8nerons \\u00e0 des \\u00e9v\\u00e9nements.\",\"breadcrumb\":{\"@id\":\"https:\/\/suesport.fr\/index.php\/league-of-legends\/#breadcrumb\"},\"inLanguage\":\"fr-FR\",\"potentialAction\":[{\"@type\":\"ReadAction\",\"target\":[\"https:\/\/suesport.fr\/index.php\/league-of-legends\/\"]}]},{\"@type\":\"BreadcrumbList\",\"@id\":\"https:\/\/suesport.fr\/index.php\/league-of-legends\/#breadcrumb\",\"itemListElement\":[{\"@type\":\"ListItem\",\"position\":1,\"name\":\"Home\",\"item\":\"https:\/\/suesport.fr\/\"},{\"@type\":\"ListItem\",\"position\":2,\"name\":\"League of Legends\"}]}]}<\/script>\n<!-- \/ Yoast SEO plugin. -->","yoast_head_json":{"title":"League of Legends - SU Esport","description":"Nous souhaitons rejoindre cette sc\u00e8ne e-sportive fran\u00e7aise et universitaire par la cr\u00e9ation d'\u00e9quipe que nous emm\u00e8nerons \u00e0 des \u00e9v\u00e9nements.","robots":{"index":"index","follow":"follow","max-snippet":"max-snippet:-1","max-image-preview":"max-image-preview:large","max-video-preview":"max-video-preview:-1"},"canonical":"https:\/\/suesport.fr\/index.php\/league-of-legends\/","og_locale":"fr_FR","og_type":"article","og_title":"League of Legends - SU Esport","og_description":"Nous souhaitons rejoindre cette sc\u00e8ne e-sportive fran\u00e7aise et universitaire par la cr\u00e9ation d'\u00e9quipe que nous emm\u00e8nerons \u00e0 des \u00e9v\u00e9nements.","og_url":"https:\/\/suesport.fr\/index.php\/league-of-legends\/","og_site_name":"SU Esport","article_modified_time":"2021-12-06T11:40:13+00:00","twitter_card":"summary_large_image","twitter_misc":{"Est. reading time":"1 minute"},"schema":{"@context":"https:\/\/schema.org","@graph":[{"@type":"WebSite","@id":"https:\/\/suesport.fr\/#website","url":"https:\/\/suesport.fr\/","name":"SU Esport","description":"Association Sorbonne Universit\u00e9 Esport","potentialAction":[{"@type":"SearchAction","target":{"@type":"EntryPoint","urlTemplate":"https:\/\/suesport.fr\/?s={search_term_string}"},"query-input":"required name=search_term_string"}],"inLanguage":"fr-FR"},{"@type":"WebPage","@id":"https:\/\/suesport.fr\/index.php\/league-of-legends\/#webpage","url":"https:\/\/suesport.fr\/index.php\/league-of-legends\/","name":"League of Legends - SU Esport","isPartOf":{"@id":"https:\/\/suesport.fr\/#website"},"datePublished":"2021-10-18T15:58:01+00:00","dateModified":"2021-12-06T11:40:13+00:00","description":"Nous souhaitons rejoindre cette sc\u00e8ne e-sportive fran\u00e7aise et universitaire par la cr\u00e9ation d'\u00e9quipe que nous emm\u00e8nerons \u00e0 des \u00e9v\u00e9nements.","breadcrumb":{"@id":"https:\/\/suesport.fr\/index.php\/league-of-legends\/#breadcrumb"},"inLanguage":"fr-FR","potentialAction":[{"@type":"ReadAction","target":["https:\/\/suesport.fr\/index.php\/league-of-legends\/"]}]},{"@type":"BreadcrumbList","@id":"https:\/\/suesport.fr\/index.php\/league-of-legends\/#breadcrumb","itemListElement":[{"@type":"ListItem","position":1,"name":"Home","item":"https:\/\/suesport.fr\/"},{"@type":"ListItem","position":2,"name":"League of Legends"}]}]}},"_links":{"self":[{"href":"https:\/\/suesport.fr\/index.php\/wp-json\/wp\/v2\/pages\/71"}],"collection":[{"href":"https:\/\/suesport.fr\/index.php\/wp-json\/wp\/v2\/pages"}],"about":[{"href":"https:\/\/suesport.fr\/index.php\/wp-json\/wp\/v2\/types\/page"}],"author":[{"embeddable":true,"href":"https:\/\/suesport.fr\/index.php\/wp-json\/wp\/v2\/users\/1"}],"replies":[{"embeddable":true,"href":"https:\/\/suesport.fr\/index.php\/wp-json\/wp\/v2\/comments?post=71"}],"version-history":[{"count":5,"href":"https:\/\/suesport.fr\/index.php\/wp-json\/wp\/v2\/pages\/71\/revisions"}],"predecessor-version":[{"id":207,"href":"https:\/\/suesport.fr\/index.php\/wp-json\/wp\/v2\/pages\/71\/revisions\/207"}],"wp:attachment":[{"href":"https:\/\/suesport.fr\/index.php\/wp-json\/wp\/v2\/media?parent=71"}],"curies":[{"name":"wp","href":"https:\/\/api.w.org\/{rel}","templated":true}]}}