{"id":79,"date":"2021-10-18T18:08:49","date_gmt":"2021-10-18T16:08:49","guid":{"rendered":"https:\/\/suesport.fr\/?page_id=79"},"modified":"2021-12-06T14:04:47","modified_gmt":"2021-12-06T12:04:47","slug":"super-smash-bros-ultimate","status":"publish","type":"page","link":"https:\/\/suesport.fr\/index.php\/super-smash-bros-ultimate\/","title":{"rendered":"Super Smash Bros Ultimate"},"content":{"rendered":"\n<p><span style=\"color:#000000\" class=\"tadv-color\">Super Smash Bros Ultimate est un jeu poss\u00e9dant une forte communaut\u00e9 de joueurs pr\u00eats \u00e0 en d\u00e9coudre. Nous souhaitons rejoindre cette sc\u00e8ne e-sportive fran\u00e7aise par la cr\u00e9ation d&rsquo;une \u00e9quipe compos\u00e9e de joueurs talentueux que nous emm\u00e8nerons \u00e0 des comp\u00e9titions.<\/span><\/p>\n\n\n\n<p><span style=\"color:#000000\" class=\"tadv-color\">Nous organiserons bient\u00f4t un tournoi afin de recruter des joueurs pour cette \u00e9quipe.<\/span><\/p>\n","protected":false},"excerpt":{"rendered":"<p>Super Smash Bros Ultimate est un jeu poss\u00e9dant une forte communaut\u00e9 de joueurs pr\u00eats \u00e0 en d\u00e9coudre. Nous souhaitons rejoindre cette sc\u00e8ne e-sportive fran\u00e7aise par la cr\u00e9ation d&rsquo;une \u00e9quipe compos\u00e9e de joueurs talentueux que nous emm\u00e8nerons \u00e0 des comp\u00e9titions. Nous organiserons bient\u00f4t un tournoi afin de recruter des joueurs pour cette \u00e9quipe.<\/p>\n","protected":false},"author":1,"featured_media":0,"parent":0,"menu_order":0,"comment_status":"closed","ping_status":"closed","template":"","meta":{"spay_email":""},"yoast_head":"<!-- This site is optimized with the Yoast SEO plugin v17.7.1 - https:\/\/yoast.com\/wordpress\/plugins\/seo\/ -->\n<title>Super Smash Bros Ultimate - SU Esport<\/title>\n<meta name=\"description\" content=\"Super Smash Bros Ultimate, est un jeu poss\u00e9dant une forte communaut\u00e9 de joueur pr\u00eat \u00e0 en d\u00e9coudre. Nous souhaitons rejoindre cette sc\u00e8ne.\" \/>\n<meta name=\"robots\" content=\"index, follow, max-snippet:-1, max-image-preview:large, max-video-preview:-1\" \/>\n<link rel=\"canonical\" href=\"https:\/\/suesport.fr\/index.php\/super-smash-bros-ultimate\/\" \/>\n<meta property=\"og:locale\" content=\"fr_FR\" \/>\n<meta property=\"og:type\" content=\"article\" \/>\n<meta property=\"og:title\" content=\"Super Smash Bros Ultimate - SU Esport\" \/>\n<meta property=\"og:description\" content=\"Super Smash Bros Ultimate, est un jeu poss\u00e9dant une forte communaut\u00e9 de joueur pr\u00eat \u00e0 en d\u00e9coudre. Nous souhaitons rejoindre cette sc\u00e8ne.\" \/>\n<meta property=\"og:url\" content=\"https:\/\/suesport.fr\/index.php\/super-smash-bros-ultimate\/\" \/>\n<meta property=\"og:site_name\" content=\"SU Esport\" \/>\n<meta property=\"article:modified_time\" content=\"2021-12-06T12:04:47+00:00\" \/>\n<meta name=\"twitter:card\" content=\"summary_large_image\" \/>\n<meta name=\"twitter:label1\" content=\"Est. reading time\" \/>\n\t<meta name=\"twitter:data1\" content=\"1 minute\" \/>\n<script type=\"application\/ld+json\" class=\"yoast-schema-graph\">{\"@context\":\"https:\/\/schema.org\",\"@graph\":[{\"@type\":\"WebSite\",\"@id\":\"https:\/\/suesport.fr\/#website\",\"url\":\"https:\/\/suesport.fr\/\",\"name\":\"SU Esport\",\"description\":\"Association Sorbonne Universit\\u00e9 Esport\",\"potentialAction\":[{\"@type\":\"SearchAction\",\"target\":{\"@type\":\"EntryPoint\",\"urlTemplate\":\"https:\/\/suesport.fr\/?s={search_term_string}\"},\"query-input\":\"required name=search_term_string\"}],\"inLanguage\":\"fr-FR\"},{\"@type\":\"WebPage\",\"@id\":\"https:\/\/suesport.fr\/index.php\/super-smash-bros-ultimate\/#webpage\",\"url\":\"https:\/\/suesport.fr\/index.php\/super-smash-bros-ultimate\/\",\"name\":\"Super Smash Bros Ultimate - SU Esport\",\"isPartOf\":{\"@id\":\"https:\/\/suesport.fr\/#website\"},\"datePublished\":\"2021-10-18T16:08:49+00:00\",\"dateModified\":\"2021-12-06T12:04:47+00:00\",\"description\":\"Super Smash Bros Ultimate, est un jeu poss\\u00e9dant une forte communaut\\u00e9 de joueur pr\\u00eat \\u00e0 en d\\u00e9coudre. Nous souhaitons rejoindre cette sc\\u00e8ne.\",\"breadcrumb\":{\"@id\":\"https:\/\/suesport.fr\/index.php\/super-smash-bros-ultimate\/#breadcrumb\"},\"inLanguage\":\"fr-FR\",\"potentialAction\":[{\"@type\":\"ReadAction\",\"target\":[\"https:\/\/suesport.fr\/index.php\/super-smash-bros-ultimate\/\"]}]},{\"@type\":\"BreadcrumbList\",\"@id\":\"https:\/\/suesport.fr\/index.php\/super-smash-bros-ultimate\/#breadcrumb\",\"itemListElement\":[{\"@type\":\"ListItem\",\"position\":1,\"name\":\"Home\",\"item\":\"https:\/\/suesport.fr\/\"},{\"@type\":\"ListItem\",\"position\":2,\"name\":\"Super Smash Bros Ultimate\"}]}]}<\/script>\n<!-- \/ Yoast SEO plugin. -->","yoast_head_json":{"title":"Super Smash Bros Ultimate - SU Esport","description":"Super Smash Bros Ultimate, est un jeu poss\u00e9dant une forte communaut\u00e9 de joueur pr\u00eat \u00e0 en d\u00e9coudre. Nous souhaitons rejoindre cette sc\u00e8ne.","robots":{"index":"index","follow":"follow","max-snippet":"max-snippet:-1","max-image-preview":"max-image-preview:large","max-video-preview":"max-video-preview:-1"},"canonical":"https:\/\/suesport.fr\/index.php\/super-smash-bros-ultimate\/","og_locale":"fr_FR","og_type":"article","og_title":"Super Smash Bros Ultimate - SU Esport","og_description":"Super Smash Bros Ultimate, est un jeu poss\u00e9dant une forte communaut\u00e9 de joueur pr\u00eat \u00e0 en d\u00e9coudre. Nous souhaitons rejoindre cette sc\u00e8ne.","og_url":"https:\/\/suesport.fr\/index.php\/super-smash-bros-ultimate\/","og_site_name":"SU Esport","article_modified_time":"2021-12-06T12:04:47+00:00","twitter_card":"summary_large_image","twitter_misc":{"Est. reading time":"1 minute"},"schema":{"@context":"https:\/\/schema.org","@graph":[{"@type":"WebSite","@id":"https:\/\/suesport.fr\/#website","url":"https:\/\/suesport.fr\/","name":"SU Esport","description":"Association Sorbonne Universit\u00e9 Esport","potentialAction":[{"@type":"SearchAction","target":{"@type":"EntryPoint","urlTemplate":"https:\/\/suesport.fr\/?s={search_term_string}"},"query-input":"required name=search_term_string"}],"inLanguage":"fr-FR"},{"@type":"WebPage","@id":"https:\/\/suesport.fr\/index.php\/super-smash-bros-ultimate\/#webpage","url":"https:\/\/suesport.fr\/index.php\/super-smash-bros-ultimate\/","name":"Super Smash Bros Ultimate - SU Esport","isPartOf":{"@id":"https:\/\/suesport.fr\/#website"},"datePublished":"2021-10-18T16:08:49+00:00","dateModified":"2021-12-06T12:04:47+00:00","description":"Super Smash Bros Ultimate, est un jeu poss\u00e9dant une forte communaut\u00e9 de joueur pr\u00eat \u00e0 en d\u00e9coudre. Nous souhaitons rejoindre cette sc\u00e8ne.","breadcrumb":{"@id":"https:\/\/suesport.fr\/index.php\/super-smash-bros-ultimate\/#breadcrumb"},"inLanguage":"fr-FR","potentialAction":[{"@type":"ReadAction","target":["https:\/\/suesport.fr\/index.php\/super-smash-bros-ultimate\/"]}]},{"@type":"BreadcrumbList","@id":"https:\/\/suesport.fr\/index.php\/super-smash-bros-ultimate\/#breadcrumb","itemListElement":[{"@type":"ListItem","position":1,"name":"Home","item":"https:\/\/suesport.fr\/"},{"@type":"ListItem","position":2,"name":"Super Smash Bros Ultimate"}]}]}},"_links":{"self":[{"href":"https:\/\/suesport.fr\/index.php\/wp-json\/wp\/v2\/pages\/79"}],"collection":[{"href":"https:\/\/suesport.fr\/index.php\/wp-json\/wp\/v2\/pages"}],"about":[{"href":"https:\/\/suesport.fr\/index.php\/wp-json\/wp\/v2\/types\/page"}],"author":[{"embeddable":true,"href":"https:\/\/suesport.fr\/index.php\/wp-json\/wp\/v2\/users\/1"}],"replies":[{"embeddable":true,"href":"https:\/\/suesport.fr\/index.php\/wp-json\/wp\/v2\/comments?post=79"}],"version-history":[{"count":4,"href":"https:\/\/suesport.fr\/index.php\/wp-json\/wp\/v2\/pages\/79\/revisions"}],"predecessor-version":[{"id":224,"href":"https:\/\/suesport.fr\/index.php\/wp-json\/wp\/v2\/pages\/79\/revisions\/224"}],"wp:attachment":[{"href":"https:\/\/suesport.fr\/index.php\/wp-json\/wp\/v2\/media?parent=79"}],"curies":[{"name":"wp","href":"https:\/\/api.w.org\/{rel}","templated":true}]}}